16 + 5 + 7 - -9)?
-21
Evaluate 6 + -8 + -40 + 18.
-24
30 - (-20 - (8 + -21))
37
What is -43 + 8 - -1 - (-12 + 2 + 4)?
-28
What is 14 + -15 - (-3 + 1) - 1 - -13?
13
What is -4 - (16 + (14 - (0 - -19)))?
-15
Evaluate 29 + -47 + 0 + (-4 - 7).
-29
Evaluate -15 + (-9 + 7 - -9).
-8
What is the value of 26 - 9 - 50 - -34?
1
2 + -3 + -40 + (-10 - -31) + -12
-32
Evaluate (1 - 25) + 34 + -21.
-11
Evaluate -8 + 10 - (2 + -4 + 25).
-21
Evaluate 18 + 0 + 34 + (59 - 83).
28
What is (8 - 16) + 12 + -16 - -9?
-3
Calculate (-33 - -3 - -4) + (0 - (-10 + 0)).
-16
Evaluate 2 + -4 + -18 + (-18 - -39).
1
What is -5 - (11 + -2 + 11 + -30 + 27)?
-22
Evaluate (2 - -5) + (-10 - (5 - 8)).
0
(-10 - (1 + -18)) + -18
-11
Calculate 23 + ((2 - -3) + (1 - -2) - 17).
14
(19 - -1) + -32 + 10
-2
1 + 2 + 2 - (6 + -3 + 2)
0
Evaluate 172 + -184 - (3 + -2 + -9).
-4
What is -142 + 148 - (15 - 0)?
-9
What is 5 + -5 + (-5 - -12 - (2 + 6))?
-1
What is -15 + (7 - 3) + (3 - 0) + 18?
10
What is -4 - -3 - ((0 - -1) + -1) - -12?
11
Calculate 20 + 5 + (-25 - -6).
6
What is the value of -8 + 1 + (20 + -25 - 0)?
-12
What is the value of 0 - -13 - (-41 - -43)?
11
Calculate -5 - (-5 - 13) - 23.
-10
Evaluate 393 + -392 + -24 + 2 + -1 + 1.
-21
What is 5 - 8 - (-26 - -20)?
3
Evaluate 4 - ((-8 - 1) + -14 + 32).
-5
What is the value of -9 + -2 + (3 - (-6 + -4 + 5))?
-3
What is (3 + -4 - -1) + -28 + 12 + -7?
-23
What is -7 + -116 + 130 + 2 + 0?
9
Calculate ((-8 - -16) + -10 - 7) + -9.
-18
What is -14 + (2 + -2 + 1 - (194 + -194))?
-13
What is the value of -8 + -25 + (7 - -5)?
-21
-3 + 0 + -1 - (3176 - 3185)
5
Evaluate -26 - -1 - (284 + -309).
0
Calculate -22 - (54 + -38) - (0 - (12 - 0)).
-26
Evaluate -15 + 12 - (-6 - -10 - (23 + -2)).
14
Evaluate ((-21 - -24) + -9 - (8 + 0)) + 0.
-14
What is -7 - (-6 + 3 + 5) - -11?
2
What is the value of (34 - 27) + (-18 + 4 - 4)?
-11
What is (-12 - -6) + 1 - (-12 - (7 - 22))?
-8
Calculate (-44 - 4) + 46 + (1 - 15).
-16
What is -1 - (-38 + 38 + (2 - (0 - 1)))?
-4
Evaluate 19 + 0 + (-2030 - -2024).
13
-9 + 7 + 1 - ((2 - 0) + 0)
-3
What is -12 - (19 + (13 - 34))?
-10
Evaluate -1 + (2 - (7 + -8 - -7)) + -9.
-14
What is -30 + (22 - (20 - 8))?
-20
What is -48 + (61 - (5 + 39))?
-31
Evaluate -42 + -24 + 38 + 4.
-24
Calculate 7 - (-14 + (-11 - -13)).
19
What is the value of -15 + 12 + -8 + 27?
16
18 + (-43 - -21) + (-9 - (-1 + 0))
-12
What is the value of (-2 + 4 - -17) + (46 - (-6 + 62))?
9
What is the value of 1 + -8 + (-27 + 27 - -9)?
2
What is the value of -6 + 11 + 11 - 6 - -2?
12
(-5 - 11) + 14 + 5
3
(-8 - (0 - -2)) + (-10 - -15)
-5
What is 7 + (-3 + 29 - (1 - 1)) - 10?
23
Evaluate 1 + -6 - (-673 + 683).
-15
Evaluate (-14 - -12 - 6) + 12 + 1.
5
What is 1 + -7 + (16 - 6 - -9) + -4?
9
What is (-2 - (-18 - -1 - -10)) + -3?
2
Calculate -25 - (11 - (12 + 13)).
-11
What is -12 - (76 - 65 - (3 + 33))?
13
What is the value of 1 + -12 - (3 - 13)?
-1
Calculate -1 + -2 + 1 - ((-18 - -22) + -19).
13
What is the value of -55 + 22 - (26 + -50)?
-9
Calculate -2 + 8 + (2 - (9 + 14 + 1)).
-16
What is the value of (8 - (-7 - -12)) + -9 + (0 - -2)?
-4
5 + (5 - -3) + (-60 - -69)
22
What is the value of -7 + (-6 - -2) + 10 - 6?
-7
What is the value of -28 - -13 - (-22 - 3)?
10
What is the value of 28 + -30 + (20 - 3 - 4)?
11
Evaluate 1 + -5 - (-39 + 20 - -19).
-4
What is 2 - 19 - (-22 - -21)?
-16
What is the value of -7 + -2 + 1 + -2 + -6 + 9?
-7
Calculate -4 + -10 + (8 - 4) + 4 + -9.
-15
Evaluate 1 - (-7 - 1) - (26 - 14 - 18).
15
-5 - (1 - (1 + 2)) - (320 + -329)
6
What is 848 + -853 - (-5 - 1)?
1
(2 - 3) + (6 + -14 - -3) + 6
0
What is the value of 8 + (-10 - -24 - 11) + -11?
0
What is -19 + 9 + -1 - (-2 - -4 - -2)?
-15
Calculate -15 + (28 - 12) + 0 + 7.
8
-11 + -1 - (-12 + 13 + -6) - -31
24
Evaluate 13 + -28 + (-17 - -37) + (0 - 30).
-25
What is -15 + 1 + -6 - -29 - (-1 - 21)?
31
What is 40 - -6 - (-27 + 45)?
28
Evaluate -7 + 8 + -21 + 9.
-11
Calculate -2 + (12 - 4 - 5 - 10).
-9
Calculate (12 + 4 - 0) + -2 + 3 + -9.
8
9 - (0 - -16) - -1
-6
What is -19 + (33 - (-8 - -23))?
-1
3 + (18 - 43) - -25
3
What is the value of (-12 - 4 - -32) + 13 + -4?
25
Evaluate (-40 - -45) + (6 - 2 - 22).
-13
What is 6 - ((6 - 0) + -15)?
15
What is the value of 60 + -60 - (-1 - -1 - 22)?
22
What is the value of 13 - (25 + 3 + -12 + -6)?
3
18 + (7 - 28) + -7 + -7
-17
What is -49 - (-23 - 6) - (1 + -1)?
-20
Calculate 15 + -36 + 14 - (7 - 7).
-7
What is the value of -15 + -7 + 10 + -2?
-14
Calculate -9 + 10 + -3 - (-4 - -1).
1
What is the value of -1 - (1 - -14 - (-14 - -6))?
-24
What is -53 + 50 - (-4 + 2 + -1 - 29)?
29
Evaluate -4 + 29 + -35 + (0 - 1) + 3.
-8
Evaluate -5 - (-6 - (1 - (-3 - -3)) - -14).
-12
What is the value of -47 - -55 - ((18 - 11) + 0 + 5)?
-4
Evaluate -1 - (-2 + -5) - (-33 - -45) - 4.
-10
0 - (10 - 5 - (1 + (-9 - -10)))
-3
What is the value of (2 - (-27 + 0)) + (28 - (72 - 36))?
21
What is 72 - (-28 - -60) - 51?
-11
What is the value of -17 + (9 - -1 - 1) + 6?
-2
Calculate 21 + 11 + -41 + 27.
18
-21 - 3 - (-413 + 404)
-15
3 + (-2 - 6) + 7 + (-4 - -7)
5
-48 - (-16 + -22) - 15
-25
Evaluate 13 + -30 + 28 + -19.
-8
What is -10 + (2 - -2) - -3 - (1 + -10)?
6
Evaluate 5 - (0 + 5) - (-8 - (-6 + -7)).
-5
Calculate -13 - (-2 - -22 - (-107 + 116)).
-24
50 - 59 - (-1 + -1 - -8)
-15
What is -9 - (35 - (21 - 3))?
-26
Calculate 11 - 25 - (-15 - -1).
0
2 + -11 + -209 + 237
19
Evaluate (-6 - 2 - -2) + -38 + 9 + 16.
-19
Evaluate 17 - (-1 + 1 - -2 - (30 - 30)).
15
Calculate -14 + -2 + -12 + 19 - (-1 - 0).
-8
Calculate -6 - (2 + -7 + 3 + -3 - -10).
-11
What is the value of 14 + 12 + -2 + -22 + -1 + -3?
-2
Calculate -3 + -35 + -14 - -35.
-17
2 + -8 + (-31 - -47 - 31)
-21
Evaluate 0 + -2 + -13 - (392 + -393).
-14
Calculate 19 + (-39 - -19) + 1.
0
Calculate -12 + -17 + (13 - 3).
-19
What is (-1 - 5) + (-1 - (21 + (-8 - 3)))?
-17
Evaluate 195 + -190 - (-2 - (-2 + 0 - -1)).
6
(-15 + 4 + 1 - -5) + 8
3
(10 + -22 - -12) + -9 + -3
-12
What is the value of (3 - 8) + (4 - -5)?
4
Evaluate 2 - (17 + -8 + -2 + -16).
11
Evaluate -8 - (1 + (-4 + 9 - 5) + -18).
9
What is the value of -253 + 249 + (15 - 0) - (37 + 0)?
-26
-19 - (-15 + (13 - 19))
2
Evaluate 150 + -165 - (-13 - 0).
-2
What is (283 - 241) + (-6 - 10)?
26
Evaluate 12 + -8 + (-6 - (-8 + 2) - -5).
9
Evaluate 34 + -22 - (0 + 19).
-7
What is the value of 37 + 13 + -51 + -27?
-28
(-5 - (-10 + 0)) + -7 + 6
4
(-374 - -375) + (-2 - 3) + -2 - 15
-21
Evaluate -17 - (15 + -20) - -3.
-9
Evaluate 2 + 1 - (-74 + 38 - -22).
17
Evaluate (9 + 0 - (-210 + 232)) + -7.
-20
(60 + -69 - (-1 - 23)) + -3
12
What is (-8 - -5) + 0 - (8 + 3)?
-14
Calculate 0 + (-33 - -49) + (1 - 6).
11
Evaluate -4 - (4 - (-1 + 5)).
-4
What is the value of 12 + 21 + (-11 - -2) + -3?
21
(-53 + 20 - -7) + -3
-29
What is (4 - 1) + -5 + -4 + -5 + 7?
-4
What is the value of (-38 + 2 - -63) + -16?
11
What is 10 - (6 + (0 - -11 - 11))?
4
What is -12 - (-2 + 41 + -21)?
-30
What is -4 - (-40 - -11 - -13)?
12
Evaluate -24 - (-15 + 3) - -6.
-6
What is the value of -7 + -6 + -2 + 51 + -51?
-15
Calculate 12 - (-12 + 25 - -1).
-2
-24 - (-34 + 26 + -17)
1
(-5 - 9) + 2 + -2 + 12
-2
Evaluate (144 - 137) + (-4 - 9 - -3).
-3
What is the value of (58 - 91) + (18 - -6)?
-9
Calculate -12 + (-24 - -4 - -41).
9
-1 - (-44 - (-12 + -15))
16
What is the value of (-9 - (-7 + -1)) + (6 - (7 - -9))?
-11
Calculate -2 + (-1 - -14) + (-70 - -73) + -3.
11
0 + -11 + -20 + 9 + 6
-16
Calculate (3 - (7 + -10)) + 3 + 1 + -29.
-19
Calculate 30 - (-15 - -13) - -4 - (6 + -2).
32
What is -14 + 6 + 10 - -9?
11
-1 - -4 - (-32 + 33 + 9)
-7
-19 - ((-23 - -50) + 1 + -18)
-29
What is the value of (-15 - -36) + -11 - (4 + (-16 - 2))?
24
Calculate 5 + -3 + 0 + 12 + -6 + -2.
6
Calculate 2 - (-14 + 0 - (-4 - -20 - 17)).
15
What is -5 + (16 + -28 + 17 - 22)?
-22
-5 + 1 + -8 + 5 + -5 + 14
2
What is the value of 9 + 3 + -4 - (77 - 66)?
-3
What is the value of (-45 - -40) + 8 + 1 + -28?
-24
Evaluate 5 + (0 - 1) + (0 + 14 - 2).
16
Evaluate (-1 - (-5 + 0)) + (-16 - -11).
-1
What is the value of 4 - (4 - -9 - 8 - -5)?
-6
Evaluate (-22 - -63) + -35 - 37.
-31
-15 + ((-8 - -2) + 0 - (-199 - -186))
-8
What is 24 - (18 + -14 - -22)?
-2
Evaluate -9 + (4 - 0) + 7 - -19.
21
3 - (29 - (5 + 7) - 1)
-13
-1 - 2 - (20 + (-7 - 0)) - -5
-11
Evaluate (-51 - -15) + 67 - (0 - 1 -